*h = d*h + 322. Suppose -2*j + h = 2. What is the units digit of j?
0
Let v(b) = 2*b**3 + 21*b**2 + 8*b - 17. Let j be v(-10). What is the hundreds digit of (j/((-3)/898))/(-10 - -8)?
4
Let p = -196 + 186. What is the units digit of (-3 + 707/14)*(-112)/p?
2
Let k(v) = v**3 - 55*v**2 + 31*v - 102. What is the ten thousands digit of k(59)?
1
Let m(z) = 149*z**3 + z**2 - 8*z + 18. What is the units digit of m(4)?
8
Let l = -446 - -766. Let b = l - -132. What is the tens digit of b?
5
Suppose -21*v - 14 = -22*v + 2*a, -20 = -v - a. What is the hundreds digit of 1522*(24/v - 3/9)?
5
Suppose -4*s - 864 = -2*s + 3*u, -1301 = 3*s + 2*u. Let j = 1093 + s. What is the hundreds digit of j?
6
Let w(f) = -45*f**3 + 2*f**2 - 4*f - 17. Let q be w(-4). Suppose -2*h - q - 258 = -3*c, 5*c = -h + 5299. What is the hundreds digit of c?
0
Suppose 2*w - 631 = -4*h + w, 2*h - 5*w = 343. Suppose -22*f = -25*f + 159. Suppose -2*b + f - h = -2*s, 3*s - 2*b - 160 = 0. What is the tens digit of s?
5
Suppose 6*v + 0*v = 12012. Let c be v/63 - 6/(-27). Let u = -9 + c. What is the units digit of u?
3
Let c(t) be the second derivative of -t**5/20 + t**4 + 13*t**3/6 + 7*t**2/2 + 60*t. What is the units digit of c(12)?
3
Suppose 0 = -156*o + 151*o + 3*g + 72187, 5*o = -5*g + 72235. What is the thousands digit of o?
4
Let x(o) = o**3 + 12*o**2 - 13*o - 49. Let y be x(-12). Suppose -4*f = -2*f + 136. Let k = f + y. What is the tens digit of k?
3
Let r be 46/14 - (-4)/(-14). Let v(p) = -23*p**2 - p**r - 5 - 27*p + 17 + 0*p**3. What is the tens digit of v(-22)?
2
Suppose 0 = 3*y - 6, 11912 = 3*x - 0*y + 4*y. Suppose 4*d + 54 = -2*m + x, 3*d - 2943 = -4*m. What is the hundreds digit of d?
9
Suppose 105231 = -7*x + 17*x + 22731. What is the thousands digit of x?
8
Suppose -2*r = 2*p + r - 850, r = -5*p + 2151. Suppose 0 = -2*u - 5 - p. Let c = 367 + u. What is the tens digit of c?
4
Let p = 199 + -191. Suppose 11*z - 2855 = p*z + 4*m, -4*m = z - 941. What is the hundreds digit of z?
9
Let d(m) = 4*m - 6. Let t be d(4). Suppose s - t = 5*c + 10, 0 = -5*s - 3*c + 16. Suppose 5*h = -3*l + 442, -s*h - 5*l = 51 - 501. What is the tens digit of h?
8
Let l = 8940 - 3516. What is the thousands digit of l?
5
Let k = -12483 - -25308. What is the hundreds digit of k?
8
Suppose -8*w - 12*y + 11*y + 41846 = 0, -y = 2. What is the hundreds digit of w?
2
Let c(v) = 2*v**2 + 14*v + 826. What is the units digit of c(-61)?
4
Let v(x) = -2*x + 23. Let o be v(10). Suppose -2*r - 2*f = 3*r + 281, 0 = o*r + f + 169. What is the tens digit of (r/38)/((-3)/44)?
2
Suppose -5406 - 2210 = -16*c. What is the units digit of c?
6
Let o(g) = 38*g - 13. Let u(w) = 39*w - 12. Let q(l) = 6*o(l) - 5*u(l). What is the tens digit of q(4)?
1
Suppose -8*t = -9*t + 284. Let x = -102 + t. What is the hundreds digit of x?
1
Let c = -41268 - -58155. What is the ten thousands digit of c?
1
Let n(j) = -2*j - 74. Let q be n(-38). Suppose 228 + 394 = b + 5*o, 0 = -q*b + 3*o + 1309. What is the units digit of b?
7
Let k(m) = 487*m - 2000. What is the tens digit of k(14)?
1
Suppose 0 = 126*u - 90341 - 439592 - 1760117. What is the units digit of u?
5
Let z(h) = -266*h + 4742. What is the units digit of z(-73)?
0
Suppose 6240 = 139*w - 144*w. Let p = 2280 + w. What is the hundreds digit of p?
0
What is the tens digit of ((2 - -6) + -9)*(-1158 + -1 - 2)?
6
Let a(t) = 5*t**2 + 6*t - 61. Let g be a(6). Let z = 737 - g. What is the tens digit of z?
8
Let x(j) = j**3 + 15*j**2 + 16*j - 11. Let p(h) = h**3 + 1. Let r(v) = -2*p(v) + x(v). What is the units digit of r(11)?
7
Suppose 4*q - 49054 = -5*c + 8*q, 2*q + 29434 = 3*c. What is the thousands digit of c?
9
Let d = -2630 - -942. Let n = 3008 + d. Suppose -u = -9*u + n. What is the hundreds digit of u?
1
Let u(b) = 3*b**2 + 3 - 6*b**2 - 6*b**2 - b**3 + 5*b**2 + 8*b. Let r be u(-5). What is the tens digit of ((-400)/15)/5*r?
6
Suppose -21*j + 275 = -187. Suppose j*r - 4197 = 7023. What is the tens digit of r?
1
Suppose 0*o = -2*o + 3*o. Suppose 5*z + 4*c - 420 = 0, 2*z + c - 135 - 33 = o. Let p = -47 + z. What is the units digit of p?
7
Let n(c) = -c**3 - 9*c**2 - 17*c - 22. Let b be n(-7). Let z(m) = -45*m. Let r be z(b). Suppose 0*x - r = -x. What is the units digit of x?
5
Let r(k) = k**3 - 6*k**2 - 25*k + 12. Let l be r(11). Let t be (12/(-9))/((-4)/l). What is the units digit of (-8)/10*(-19)/(t/360)?
8
Let c(z) be the second derivative of -z**3/6 + 2*z**2 - 2*z. Suppose -d = 4*x, d - 3*x + 7 = -14. What is the units digit of c(d)?
6
What is the tens digit of ((-12)/9 + 1)/(1*1/(-423))?
4
Suppose -302*r - 225*r = -582*r + 1738275. What is the tens digit of r?
0
Let n = 94 + 1884. Let g = n - 1183. What is the hundreds digit of g?
7
Let t = -29485 - -50079. What is the tens digit of t?
9
Suppose 0 = -3*d - 5*d + 168. Suppose -d*s + 335 + 13840 = 0. What is the hundreds digit of s?
6
Let b = 1 - 152. Let v = 428 + b. What is the tens digit of v?
7
Suppose -2*y = -3*d + 55, 2*y - 2*d + d + 45 = 0. What is the hundreds digit of (-2032)/y + (4/(-5))/(-2)?
1
Let b(r) = r**2 - 25*r + 50. Let s be b(23). Suppose s*g + 5*p = 7568 - 1356, -5*p = 0. What is the thousands digit of g?
1
Suppose 0 = 4*z + z - i - 9522, -z + i = -1902. What is the thousands digit of z?
1
Let p = 61 + -64. Let y(a) = 13*a**3 + 2*a**2 + 5. Let t be y(p). Let f = t - -470. What is the hundreds digit of f?
1
Suppose 0 = 3*t - 7*a + 2*a - 201025, -4*a + 268044 = 4*t. What is the tens digit of t?
1
Let r = 32 + -30. What is the units digit of (1333/43)/(r/26)?
3
Suppose -37*p = -10*p - 5103. Let w = p - -288. What is the hundreds digit of w?
4
Suppose 0 = 3*o - 81 + 306. Let j = o - -126. Suppose 5*n = -5*z + j + 134, 3*z = -2*n + 78. What is the tens digit of n?
3
What is the thousands digit of -14*22/8*87636/(-469)?
7
Suppose -135254 = -3*r - 2*c, 5*r - 129*c - 225455 = -126*c. What is the units digit of r?
8
Suppose -4*q - u + 919 - 127 = 0, 4*u + 594 = 3*q. Let y be 4/18 - q/162. What is the tens digit of (-388)/(-5 + 1) + y?
9
Let d = 31771 + -21468. What is the hundreds digit of d?
3
Let q(x) = -x**2 - 7*x + 15. Let n be q(2). What is the thousands digit of (-3456)/(n - -1) + (270 - 275)?
1
Let x = 20398 - 2981. What is the units digit of x?
7
Let n(w) = -21*w**2 + 763*w + 43. What is the units digit of n(32)?
5
Suppose 14*b - 17*b - 49*b = -2108340. What is the units digit of b?
5
Let f be (8/10)/((-8)/(-260)). Suppose f = j - 3*z, -j + 33 = -0*j + 4*z. What is the tens digit of (j*-2)/(-2*3/9)?
8
Let y be (20/(-3))/(-5)*(-64 + -5). Let s = y - -143. What is the tens digit of (s - -7) + 4/(-2)?
5
Suppose 0 = d + 6, -19602 = -2*f - 2*d + 22934. What is the hundreds digit of f?
2
Let l(o) = 17*o - 11 + 19*o**2 + 14 - 15. What is the hundreds digit of l(5)?
5
What is the units digit of (162297 + 0)/9*1?
3
Let u be 1*(-10)/(-5)*1. Suppose -d - 12 = 5*n, -u*d + 0*n = -n - 20. Suppose -d*k + 348 = -324. What is the units digit of k?
4
Let i(o) = o**3 - o**2 + 4*o - 3. Let n be i(2). Suppose n*g = 2*g + 3367. What is the units digit of g?
1
Let k be (-7)/(21/9) - (-446 + 2). Suppose 37*d = 34*d + k. Suppose d + 192 = 3*y. What is the units digit of y?
3
Let x = 22145 + -12712. What is the units digit of x?
3
Let i be (-4 - 56)/(-1 - 1/(-2)). Suppose -y + i = -282. Suppose 0 = 4*p - p - y. What is the tens digit of p?
3
Let a(r) = 12*r - 32*r**2 + 33*r**2 + 48 - 11. Let y be a(-5). What is the units digit of y/(((-14)/(-124))/7)?
4
Suppose -30*w + 35*w - 51420 = 0. Suppose 0 = -822*v + 828*v - w. What is the units digit of v?
4
What is the hundreds digit of ((-1)/(-4) - (-775)/(-124)) + 49056/6?
1
Suppose 9*j + 24*j = -33. What is the tens digit of 201 - (-4)/2*j?
9
Let i be (-32)/(-6) - 50/150. Suppose 3*r - 1844 = i*z, r = 5*z - 55 + 673. What is the tens digit of r?
1
Let h(n) = n**3 - 17*n**2 - 83*n - 17. Let c be h(21). Suppose c*j - 822 - 394 = 0. What is the units digit of j?
4
Suppose -o = -6*o. Suppose 0*b - 3*r = 3*b + 390, o = -5*b - 2*r - 650. Let n = 225 + b. What is the units digit of n?
5
Suppose -4*c - 3*o - 24 = 18, -2*c = 2*o + 20. What is the tens digit of 45/54 + (-2798)/c?
3
Suppose 3*j = -2*j + 50. Let b(u) = -u**3 + 16*u**2 + 12*u. Let s be b(j). Suppose -5*o = 220 - s. What is the tens digi